t is the tens digit of 758303?
0
What is the hundreds digit of 627265?
2
What is the hundreds digit of 438619?
6
What is the ten thousands digit of 348009?
4
What is the hundreds digit of 4214345?
3
What is the millions digit of 4341783?
4
What is the hundred thousands digit of 290691?
2
What is the thousands digit of 1156544?
6
What is the thousands digit of 115495?
5
What is the tens digit of 922370?
7
What is the units digit of 170948?
8
What is the hundred thousands digit of 894762?
8
What is the hundreds digit of 2829860?
8
What is the tens digit of 491356?
5
What is the hundred thousands digit of 192860?
1
What is the tens digit of 4374206?
0
What is the units digit of 371158?
8
What is the tens digit of 1348452?
5
What is the thousands digit of 47534?
7
What is the hundred thousands digit of 3459490?
4
What is the tens digit of 13812265?
6
What is the ten thousands digit of 137196?
3
What is the millions digit of 2886592?
2
What is the ten thousands digit of 15703056?
0
What is the tens digit of 2270799?
9
What is the units digit of 18648966?
6
What is the thousands digit of 11891292?
1
What is the hundreds digit of 167548?
5
What is the tens digit of 5624072?
7
What is the hundreds digit of 188462?
4
What is the thousands digit of 244803?
4
What is the hundreds digit of 17946123?
1
What is the millions digit of 1862442?
1
What is the hundreds digit of 270042?
0
What is the thousands digit of 373964?
3
What is the tens digit of 316914?
1
What is the millions digit of 1062172?
1
What is the units digit of 11558094?
4
What is the ten thousands digit of 1160364?
6
What is the ten thousands digit of 1901010?
0
What is the hundred thousands digit of 233844?
2
What is the tens digit of 216446?
4
What is the thousands digit of 2865032?
5
What is the hundred thousands digit of 441607?
4
What is the tens digit of 8624205?
0
What is the tens digit of 9368958?
5
What is the units digit of 148496?
6
What is the thousands digit of 376649?
6
What is the thousands digit of 167018?
7
What is the hundreds digit of 18734807?
8
What is the millions digit of 2130955?
2
What is the hundred thousands digit of 613320?
6
What is the millions digit of 8963524?
8
What is the hundreds digit of 660106?
1
What is the millions digit of 1383424?
1
What is the hundreds digit of 223295?
2
What is the hundred thousands digit of 1909247?
9
What is the hundred thousands digit of 224207?
2
What is the thousands digit of 553893?
3
What is the thousands digit of 62441?
2
What is the ten thousands digit of 4775798?
7
What is the units digit of 514981?
1
What is the tens digit of 46345?
4
What is the millions digit of 14045318?
4
What is the ten thousands digit of 143531?
4
What is the millions digit of 9600279?
9
What is the hundreds digit of 221988?
9
What is the millions digit of 6148093?
6
What is the tens digit of 17810589?
8
What is the hundreds digit of 682342?
3
What is the hundreds digit of 1733331?
3
What is the ten thousands digit of 6272664?
7
What is the thousands digit of 6393?
6
What is the hundreds digit of 1004575?
5
What is the hundred thousands digit of 248830?
2
What is the thousands digit of 114786?
4
What is the hundreds digit of 864866?
8
What is the thousands digit of 955412?
5
What is the thousands digit of 78749?
8
What is the tens digit of 97412?
1
What is the ten thousands digit of 21709405?
0
What is the thousands digit of 3368887?
8
What is the hundreds digit of 403673?
6
What is the hundred thousands digit of 579751?
5
What is the ten thousands digit of 16053212?
5
What is the ten thousands digit of 170938?
7
What is the millions digit of 1930258?
1
What is the hundreds digit of 191758?
7
What is the ten thousands digit of 135455?
3
What is the tens digit of 50532?
3
What is the tens digit of 196177?
7
What is the hundreds digit of 16382547?
5
What is the thousands digit of 26479187?
9
What is the hundreds digit of 614213?
2
What is the units digit of 9784825?
5
What is the tens digit of 4667298?
9
What is the thousands digit of 399683?
9
What is the millions digit of 3195561?
3
What is the hundred thousands digit of 7004641?
0
What is the thousands digit of 1763006?
3
What is the units digit of 872524?
4
What is the thousands digit of 233134?
3
What is the ten millions digit of 11316809?
1
What is the millions digit of 6173297?
6
What is the ten thousands digit of 14188?
1
What is the thousands digit of 897785?
7
What is the thousands digit of 184755?
4
What is the thousands digit of 268679?
8
What is the hundreds digit of 22985284?
2
What is the units digit of 4998736?
6
What is the hundred thousands digit of 940504?
9
What is the millions digit of 1885987?
1
What is the hundreds digit of 23353191?
1
What is the millions digit of 2463154?
2
What is the units digit of 55601?
1
What is the units digit of 4197772?
2
What is the hundreds digit of 133683?
6
What is the thousands digit of 3381694?
1
What is the tens digit of 5152185?
8
What is the units digit of 282346?
6
What is the hundred thousands digit of 3289092?
2
What is the ten millions digit of 27068088?
2
What is the hundred thousands digit of 7665186?
6
What is the millions digit of 1555228?
1
What is the ten thousands digit of 104380?
0
What is the tens digit of 1229859?
5
What is the units digit of 492040?
0
What is the ten thousands digit of 1772302?
7
What is the tens digit of 1741388?
8
What is the tens digit of 67518?
1
What is the thousands digit of 1908379?
8
What is the units digit of 2235513?
3
What is the ten thousands digit of 587783?
8
What is the units digit of 1682238?
8
What is the hundreds digit of 2981995?
9
What is the tens digit of 6879997?
9
What is the hundreds digit of 1040646?
6
What is the millions digit of 7995846?
7
What is the millions digit of 6012309?
6
What is the hundreds digit of 10558639?
6
What is the ten thousands digit of 950164?
5
What is the units digit of 111353?
3
What is the units digit of 47295?
5
What is the hundreds digit of 3443360?
3
What is the millions digit of 1895001?
1
What is the thousands digit of 7955610?
5
What is the units digit of 1494816?
6
What is the units digit of 745517?
7
What is the hundreds digit of 305227?
2
What is the thousands digit of 2704694?
4
What is the thousands digit of 1869311?
9
What is the hundred thousands digit of 4452195?
4
What is the ten thousands digit of 629850?
2
What is the units digit of 488326?
6
What is the units digit of 1065188?
8
What is the units digit of 622115?
5
What is the tens digit of 564980?
8
What is the thousands digit of 9562025?
2
What is the hundred thousands digit of 590013?
5
What is the hundreds digit of 712184?
1
What is the units digit of 205300?
0
What is the ten thousands digit of 440503?
4
What is the hundreds digit of 298007?
0
What is the thousands digit of 218288?
8
What is the hundreds digit of 1320405?
4
What is the thousands digit of 12858725?
8
What is the hundreds digit of 160800?
8
What is the thousands digit of 755908?
5
What is the units digit of 6126?
6
What is the thousands digit of 1689384?
9
What is the ten thousands digit of 2740107?
4
What is the ten thousands digit of 1065630?
6
What is the hundred thousands digit of 336589?
3
What is the hundred thousands digit of 108445?
1
What is the hundreds digit of 2627778?
7
What is the units digit of 2611269?
9
What is the ten millions digit of 13950672?
1
What is the hundred thousands digit of 2149359?
1
What is the ten millions digit of 21906656?
2
What is the thousands digit of 122543?
2
What is the units digit of 2134750?
0
What is the tens digit of 2096838?
3
What is the ten thousands digit of 9724381?
2
What is the hundreds digit of 765958?
9
What is the hundred thousands digit of 8579685?
5
What is the ten millions digit of 26843517?
2
What is the units digit of 109709?
9
What is the hundred thousands digit of 558996?
5
What is the hundred thousands digit of 131369?
1
What is the tens digit of 3567?
6
What is the ten millions digit of 40471987?
4
What is the ten thousands digit of 89306?
8
What is the hundred thousands digit of 622749?
6
What is the hundreds digit of 5386640?
6
What is the thousands digit of 78260?
8
What is the ten thousands digit of 278273?
7
What is the thousands digit of 397501?
7
Wh